et k(u) = -7*n(u) - 10*w(u). Let p be -1 - 1 - (-2 - -7). Calculate k(p).
14
Let t(g) be the first derivative of g**2 + g - 2. Suppose 0 = 25*j + 5*j - 120. Suppose -6 = j*n + 18. Give t(n).
-11
Let f be -12 + (-1152)/(-36) - 48/3. Let v(m) = m**3 + 0*m**2 - m**2 - 2*m**2 - 9 - m. What is v(f)?
3
Let t be 4/(-32) + 438/48. Suppose t*u = 12*u - 9. Let z(b) = b**3 - b**2 - 3*b - 2. Give z(u).
7
Let g = -3992 - -4003. Let i(s) be the second derivative of g*s - 2*s**2 + 0 - 1/6*s**3. Calculate i(-6).
2
Let b(p) = 0 + 2*p + 3*p - 4*p - 5. Let k(o) = o**2 - 8*o + 7. Let t be k(-3). Suppose 2*l = -5*g + 17, 2*g - 6*g = -5*l - t. Determine b(g).
0
Let b(t) = 22*t + 13. Let z(s) = 6 + 5*s + 3*s - 8*s + 11*s. Let r(w) = 4*b(w) - 9*z(w). What is r(2)?
-24
Let t(f) be the first derivative of 6*f + 3/2*f**2 - 132. Calculate t(-3).
-3
Suppose -2*d = 190 + 48. Let m = 114 + d. Let r(b) = 4*b - 11*b - b**2 + 7 - 14 + 0*b**2. Give r(m).
3
Let o(r) = -291*r + 1184*r - 290*r - 288*r - 339 - 303*r. Calculate o(28).
-3
Let h be 44/(-10) - (6/10 - 0). Let x(l) be the second derivative of l**4/12 + 7*l**3/6 + l**2 - 46*l. Calculate x(h).
-8
Let j(a) be the first derivative of 17*a**2 + 19*a - 3838. Determine j(-3).
-83
Let c = -13485 - -13472. Let y(r) = r**2 + 16*r - 14. Give y(c).
-53
Let j be 15/((-1 + 3)/2). Suppose -2*v - c + 23 = 8, -v + j = 3*c. Let i(x) = 2*x + 769 + 773 + 773 - 3096 - 6*x**2 + 774 + x**3. What is i(v)?
5
Let t(n) be the first derivative of n**2/2 + 14*n + 785. Give t(3).
17
Let q(a) = -15*a**2 - 55 + 477*a**3 - 478*a**3 + 114 - 44 - 11*a. Calculate q(-14).
-27
Let l(x) = -x**3 - 3*x**2 + 1. Suppose -4*r + 66 = 30. Let m be (12 - -1) + (-36)/r. Suppose m*d + 11 = -7. Determine l(d).
-3
Let w(i) = 11*i - 13. Let o be w(-11). Let r = o + 149. Let y(p) = -p**2 + 16*p - 1. What is y(r)?
14
Let o = -26392 + 26383. Let m(v) = -3*v + 7. What is m(o)?
34
Suppose -20*q = -21*q + 6. Let p(t) = -3*t - q*t**2 - 22*t**3 + 10*t**3 + 11*t**3 - 3. Give p(-6).
15
Let l(b) = 39*b - 573. Let x be l(14). Let i(p) = -p - 27. Calculate i(x).
0
Let q(c) = 32*c - 7. Let f(h) = 11*h - 2. Let w(y) = -14*f(y) + 4*q(y). Suppose 12*a + 10 = 22*a. Determine w(a).
-26
Let k(i) = -3*i**3 + i**2 + i. Let x(d) = d**3 + d**3 - 121 - 3*d - 129 + 7*d**2 + 253. Let w be x(-4). Give k(w).
3
Let p(h) = 6*h**2 - 11*h + 22. Let f be (-4 - (-216)/52)*(-26)/(-2). Calculate p(f).
24
Let h(b) = b**3 + 2*b**2 - b. Let t(s) = 4*s**3 - 5*s**2 + 2*s. Let x be t(4). Let p be (-1)/(-4) - x/(-32). Let g be (p/(-10))/(12/60). Determine h(g).
-6
Let m(q) = -3*q**3 + q**2 - 2*q - 3. Suppose 25*k - 126 = -151. Calculate m(k).
3
Let n(t) = 2*t + 4. Let v = -1892 - -1893. Let r be ((-4)/5)/((-1)/5). Suppose -r = s + v. Determine n(s).
-6
Suppose 2355 = 5*l - 0*d + 2*d, 0 = 3*l + 5*d - 1432. Let y(w) = -4*w + l + w**2 - 472 + 13*w. Calculate y(-7).
-17
Let k(o) = -4*o**2 - 4*o. Let t(b) = -4*b**2 - 5*b. Let i(f) = -6*k(f) + 5*t(f). Calculate i(3).
33
Let o be (-2)/17 - 209/(-187). Let t(r) = -6922 + 5*r + 0*r + 6922. Calculate t(o).
5
Let k(c) = -c**2 - 13*c + 7. Let b = -49 - -54. Suppose 0 = -y - 9 - b. What is k(y)?
-7
Let k = 7783 - 7787. Let r(q) = -q - 11. Calculate r(k).
-7
Let w(t) = t + 3. Suppose -o + 97 = -4. Let p = o - 110. Give w(p).
-6
Let g(l) be the first derivative of -l**4/4 + 52*l**3/3 - 5*l**2/2 + 262*l + 6712. Determine g(52).
2
Let y(n) = 2*n**2 - 16*n + 1. Let f(u) = 630*u - 620. Let h be f(1). Determine y(h).
41
Let x(i) = -i**3 + 7*i**2 - 7*i - 20. Let p be x(5). Let f(z) = -7*z + 1. Calculate f(p).
36
Let g(v) = -v**3 + 4*v**2 - 6. Let o be -1 - -3*15/9. Let c be g(o). Let p(a) = -a + 5. Determine p(c).
11
Let a(i) = -13*i**2 + i + 12. Let w(l) = -11 + l**2 + 10*l**2 - 18*l + 16*l. Let r(z) = -5*a(z) - 6*w(z). What is r(6)?
12
Let a(x) = -40*x**2 + 128*x - 117. Let b(n) = 16*n**2 - 43*n + 39. Let d(u) = 3*a(u) + 8*b(u). What is d(1)?
9
Let o(f) = -43*f**2 - 381*f + 371*f + 42*f**2. Give o(-9).
9
Let g(a) = a**2 + 12*a + 30. Let x(l) = -l. Let r(h) = -g(h) - 5*x(h). Let n(f) = 3*f**2 + 22*f + 88. Let z(p) = 6*n(p) + 17*r(p). Calculate z(-12).
6
Let y = -127 - -286. Let j(d) = -77*d - 83*d + y*d. Suppose 6 = 2*r - 6. Determine j(r).
-6
Let x(o) be the third derivative of 1/6*o**4 + 0 + 0*o**3 + 0*o - 2*o**2 + 1/60*o**5. Let s be ((-1440)/1872)/(6/39). What is x(s)?
5
Let q(a) = 4*a + 39. Let b be q(-9). Suppose -b*k = -11*k + 584. Suppose 65 = 2*f + k. Let r(u) = -3*u - 3. Calculate r(f).
9
Let g(w) be the first derivative of -w**4/4 - w**3/3 + w**2/2 + 4*w - 32. Give g(2).
-6
Let o(l) = 57*l + 2686. Let f be o(-47). Let q(b) = 1 + 2*b + 0*b + 1 - 3*b. What is q(f)?
-5
Suppose -3*a - 5 = 2*k, k = 51*a - 50*a - 10. Let m(o) = 4 - 1 - 3 + 3*o**2 - 4*o + 5 - o**3. Give m(a).
-7
Let w(i) = 4*i**3 + 3*i**3 - 6*i**3 - i**2 - 11*i**3 + i. Calculate w(-2).
74
Let u(z) = -z**3 + 10*z**2 - 2*z + 19. Let g be u(10). Let c be 4/(-6) + ((-35)/(-15))/g. Let m(j) = -3*j - 2. What is m(c)?
7
Let o(t) = t**3 - 6*t**2 - 10*t + 10. Suppose -z - 122 = 5*h - 26, 55 = -3*h + 2*z. Suppose -3*q - 17 = 19. Let j = q - h. Give o(j).
-11
Let d(h) = 9*h**2 - 956*h + 952*h - 14*h**3 - 3*h**2 + 13*h**3 - 1. Suppose -2 - 23 = -5*b. Calculate d(b).
4
Let j = 86 + -125. Let o be j/(-65) + (-6)/10. Suppose 0*q - 2*q + 4*v = 0, o = -3*q - 2*v + 24. Let c(k) = 2*k - 1. What is c(q)?
11
Let z(c) = 23*c + 125. Let b(f) = -25*f - 143. Let i(k) = 5*b(k) + 6*z(k). Give i(-2).
9
Let m(v) = -4*v**2 + 87*v - 14. Let q be m(0). Let l(b) = 7*b - 3. Determine l(q).
-101
Let k(s) = -45*s + 20. Let n(m) = -78*m + 41. Let b(g) = 7*k(g) - 4*n(g). Calculate b(-23).
45
Let n(x) = -15*x**2 - 28*x + 12. Let t be n(-6). Let k = -356 - t. Let p(r) = -r**3 + 3*r**2 + 3*r - 5. Give p(k).
-9
Let q(j) be the second derivative of j**3/6 - j**2 + 167*j - 2. What is q(-11)?
-13
Let t(h) = -h**3 + h**2 - 3*h - 5. Suppose 205*z + 100*z = 0. What is t(z)?
-5
Let s(f) = f**3 + 18*f**2 - 40*f + 11. Let o = 16373 - 16393. What is s(o)?
11
Let f(w) = 15*w - 59. Let i be f(8). Suppose i*o = 56*o + y + 33, 3*y = -9. Let a(g) = -g**3 + 6*g**2 + 2*g - 2. Give a(o).
10
Let u(a) = 9*a**3 + 9*a**2 - 14*a - 13. Let w(v) = -68*v**3 - 64*v**2 + 99*v + 97. Let x(f) = -15*u(f) - 2*w(f). Calculate x(5).
11
Suppose -23*m + 27*m + 2 = -2*r, -5*r = m + 23. Let s(w) = 2*w**2 + 11*w + 7. What is s(r)?
2
Let z be (19/(-4) + 18/(-72))/(-1). Let y(m) = -m - z*m + 6 - 3 + 2*m + 1 + m**2. Give y(3).
1
Let h(q) = -q**2 - q + 27. Let r be (-4)/14 - 1/(84/(-360)). Let z be h(r). Let o(u) = -u**3 + 7*u**2 - 3*u + 4. Determine o(z).
-17
Let x(p) = p**2 - 9*p + 3. Suppose -f + 8 = 2*k, 0 = 5*f - 0*k - 5*k - 40. What is x(f)?
-5
Let y(p) be the first derivative of -4*p**2 + 3*p + 44294. Suppose -m + 8 = 3*m. Determine y(m).
-13
Let k(q) = 19*q. Let s be k(0). Let f(x) = -50*x**2 + 2*x + 6 + 49*x**2 - 2*x. What is f(s)?
6
Let b(x) be the third derivative of -11*x**6/120 - 5*x**4/24 - 5*x**3/6 - 114*x**2 - 3*x - 2. Determine b(-1).
11
Let d = 121 + -118. Let t(i) = 5 + 6 - 2 - d*i. What is t(6)?
-9
Let c(n) = -6*n**3 - 5*n**2 + n + 35. Let w(v) = 7*v**3 + 6*v**2 - v - 38. Let o(f) = -6*c(f) - 5*w(f). What is o(0)?
-20
Let m(c) = c**3 + 16*c**2 - 17*c - 5. Suppose 39*h = 34*h + j - 80, -h = -9*j - 28. What is m(h)?
-5
Let m(p) = -256*p**3 + 10*p**2 + 14*p - 3. Let c(q) = -171*q**3 + 7*q**2 + 10*q - 2. Let v(g) = 7*c(g) - 5*m(g). Calculate v(1).
83
Let i(b) = b**2 + 16*b + 57. Let q(d) = d**3 - 9*d**2 + d - 17. Let f be q(10). Let c = f + -101. Let v be i(c). Let m(u) = u + 5. Determine m(v).
-2
Let x(s) = -221*s**3 + 109*s**3 + 36 - 126 - 3*s**2 + 113*s**3 + 10*s**2 - 9*s. What is x(-6)?
0
Let f(h) = -h - 1 + 2*h + 0*h - h**2. Suppose 0 = 155*l - 166*l - 11. Let q(z) = -3*z**2 + 4*z - 3. Let d(j) = l*q(j) + 4*f(j). What is d(-4)?
-17
Suppose -2*s = -r - 14, s = 3*r - 2 - 1. Let v(z) be the second derivative of z**5/20 - 3*z**4/4 + 9*z**2/2 - z - 1400. Calculate v(s).
9
Let d(l) = 9*l - 302. Let w be d(33). Let x(j) = 3*j + 25. Calculate x(w).
10
Suppose 22*f + 8946 = 36*f. Let q = f + -642. Let l(b) = -9*b + 1. Give l(q).
28
Let v(t) be the third derivative of -t**5/30 - t**4/6 - 5*t**3/6 - t**2 - 11*t. Let i(j) = j**2 + j + 1. Let g(b) = -5*i(b) - v(b). Calculate g(2).
-1